{"id":10,"date":"2021-01-04T17:31:13","date_gmt":"2021-01-04T17:31:13","guid":{"rendered":"https:\/\/admin.arpa.buap.mx\/colegios\/?page_id=10"},"modified":"2021-02-22T23:19:06","modified_gmt":"2021-02-22T23:19:06","slug":"colegios-arpa","status":"publish","type":"page","link":"https:\/\/admin.arpa.buap.mx\/colegios\/","title":{"rendered":"Colegios ARPA"},"content":{"rendered":"\n<p>Bienvenido al canal de colegios de la Intranet ARPA. Aqu\u00ed encontrar\u00e1s informaci\u00f3n y recursos que te serviran para guiarte a lo largo de tu carrera.<\/p>\n\n\n\n<p>Visita la secci\u00f3n correspondiente a tu colegio para conocer a los profesores, las materias que se ofertan y obtener m\u00e1s informaci\u00f3n.<\/p>\n\n\n\n<div class=\"wp-block-image\"><figure class=\"aligncenter\"><a href=\"https:\/\/admin.arpa.buap.mx\/colegios\/arte-digital\/\" target=\"blank\" rel=\"noopener noreferrer\"><img loading=\"lazy\" decoding=\"async\" width=\"500\" height=\"100\" src=\"https:\/\/admin.arpa.buap.mx\/colegios\/wp-content\/uploads\/sites\/19\/2021\/01\/A2.png\" alt=\"\" class=\"wp-image-42\" srcset=\"https:\/\/admin.arpa.buap.mx\/colegios\/wp-content\/uploads\/sites\/19\/2021\/01\/A2.png 500w, https:\/\/admin.arpa.buap.mx\/colegios\/wp-content\/uploads\/sites\/19\/2021\/01\/A2-300x60.png 300w\" sizes=\"auto, (max-width: 500px) 100vw, 500px\" \/><\/a><figcaption><a href=\"https:\/\/admin.arpa.buap.mx\/colegios\/arte-digital\/\">Colegio de Arte Digital<\/a><\/figcaption><\/figure><\/div>\n\n\n\n<div class=\"wp-block-image\"><figure class=\"aligncenter\"><a href=\"https:\/\/admin.arpa.buap.mx\/colegios\/cinematografia\/\" target=\"blank\" rel=\"noopener noreferrer\"><img loading=\"lazy\" decoding=\"async\" width=\"500\" height=\"100\" src=\"https:\/\/admin.arpa.buap.mx\/colegios\/wp-content\/uploads\/sites\/19\/2021\/01\/A1.png\" alt=\"PORTADA CINEMATOGRAFIA\" class=\"wp-image-43\" srcset=\"https:\/\/admin.arpa.buap.mx\/colegios\/wp-content\/uploads\/sites\/19\/2021\/01\/A1.png 500w, https:\/\/admin.arpa.buap.mx\/colegios\/wp-content\/uploads\/sites\/19\/2021\/01\/A1-300x60.png 300w\" sizes=\"auto, (max-width: 500px) 100vw, 500px\" \/><\/a><figcaption><a href=\"https:\/\/admin.arpa.buap.mx\/colegios\/cinematografia\/\">Colegio de Cinematograf\u00eda<\/a><\/figcaption><\/figure><\/div>\n\n\n\n<div class=\"wp-block-image\"><figure class=\"aligncenter\"><a href=\"https:\/\/admin.arpa.buap.mx\/colegios\/artes-plasticas\/\" target=\"blank\" rel=\"noopener noreferrer\"><img loading=\"lazy\" decoding=\"async\" width=\"500\" height=\"100\" src=\"https:\/\/admin.arpa.buap.mx\/colegios\/wp-content\/uploads\/sites\/19\/2021\/01\/A3.png\" alt=\"PORTADA ARTES PLASTICAS\" class=\"wp-image-44\" srcset=\"https:\/\/admin.arpa.buap.mx\/colegios\/wp-content\/uploads\/sites\/19\/2021\/01\/A3.png 500w, https:\/\/admin.arpa.buap.mx\/colegios\/wp-content\/uploads\/sites\/19\/2021\/01\/A3-300x60.png 300w\" sizes=\"auto, (max-width: 500px) 100vw, 500px\" \/><\/a><figcaption><a href=\"https:\/\/admin.arpa.buap.mx\/colegios\/artes-plasticas\/\">Coleio de Artes Pl\u00e1sticas<\/a><\/figcaption><\/figure><\/div>\n\n\n\n<hr class=\"wp-block-separator\"\/>\n","protected":false},"excerpt":{"rendered":"<p>Aqu\u00ed encontrar\u00e1s informaci\u00f3n y recursos que te serviran para guiarte a lo largo de tu carrera.<\/p>\n","protected":false},"author":1,"featured_media":37,"parent":0,"menu_order":0,"comment_status":"closed","ping_status":"closed","template":"","meta":{"footnotes":""},"class_list":["post-10","page","type-page","status-publish","has-post-thumbnail","hentry"],"_links":{"self":[{"href":"https:\/\/admin.arpa.buap.mx\/colegios\/wp-json\/wp\/v2\/pages\/10","targetHints":{"allow":["GET"]}}],"collection":[{"href":"https:\/\/admin.arpa.buap.mx\/colegios\/wp-json\/wp\/v2\/pages"}],"about":[{"href":"https:\/\/admin.arpa.buap.mx\/colegios\/wp-json\/wp\/v2\/types\/page"}],"author":[{"embeddable":true,"href":"https:\/\/admin.arpa.buap.mx\/colegios\/wp-json\/wp\/v2\/users\/1"}],"replies":[{"embeddable":true,"href":"https:\/\/admin.arpa.buap.mx\/colegios\/wp-json\/wp\/v2\/comments?post=10"}],"version-history":[{"count":12,"href":"https:\/\/admin.arpa.buap.mx\/colegios\/wp-json\/wp\/v2\/pages\/10\/revisions"}],"predecessor-version":[{"id":144,"href":"https:\/\/admin.arpa.buap.mx\/colegios\/wp-json\/wp\/v2\/pages\/10\/revisions\/144"}],"wp:featuredmedia":[{"embeddable":true,"href":"https:\/\/admin.arpa.buap.mx\/colegios\/wp-json\/wp\/v2\/media\/37"}],"wp:attachment":[{"href":"https:\/\/admin.arpa.buap.mx\/colegios\/wp-json\/wp\/v2\/media?parent=10"}],"curies":[{"name":"wp","href":"https:\/\/api.w.org\/{rel}","templated":true}]}}